Let r be (1 + 1)*(-7 + z). What is the greatest common divisor of 64 and r?
16
Let n(w) = 13*w - 71. Let i be n(5). Let g(z) = 8*z**2 + 35*z - 22. Let p be g(i). What is the highest common factor of p and 98?
14
Let g = 4273 - 4175. What is the greatest common factor of g and 112?
14
Let z be 590/(-413)*(14/4)/(-1). Let i be 1/(z/1900) + 15/(-5). Calculate the greatest common divisor of i and 58.
29
Let s(h) = -3*h**2 + 2*h + 2. Let u = 46 - 46. Let v be s(u). Suppose -v*r + 5*x = -43, 3*r + 0 - 7 = -4*x. What is the highest common factor of 3 and r?
3
Let d(b) = 164*b + 11318. Let u be d(-69). Suppose -5*o = -70 - 85. What is the greatest common factor of o and u?
1
Let h be (7 + (-35)/7)*5/(-2). Let k be (49 - (-6 - h))*2/5. What is the greatest common factor of k and 12?
4
Let q be (12/(-24))/(1/24). Let x be q/2*40/(-15). Let v be -4*(-11 + 0 - -3). What is the highest common factor of x and v?
16
Let f = -12738 + 13152. Calculate the highest common factor of f and 4738.
46
Suppose 5*z + 85 = -155. Suppose 212 = -2*s + 328. Let c = s + z. Calculate the greatest common factor of c and 5.
5
Suppose k + 4761 = 4*l, -4*l + 4757 = -184*k + 187*k. What is the highest common factor of 30 and l?
10
Let l = 18855 - 12681. What is the highest common divisor of 90 and l?
18
Let r = 214 + -82. Suppose 3*x = 5*f - 473, 0*f + 2*f - 3*x - 191 = 0. Let g = f - 82. Calculate the highest common divisor of r and g.
12
Let g(h) = -h**2 + 143*h + 17931. Let y be g(-80). Let r(a) = a**3 - 4*a**2 + 3*a - 5. Let u be r(4). Calculate the highest common divisor of y and u.
7
Let v(o) = -4*o + 6. Let g(p) = p. Let m(y) = 5*g(y) + v(y). Let b be m(9). Let x be (50/5)/(34/408). What is the highest common divisor of x and b?
15
Let z(g) = 2*g**2 + 29*g - 113. Let d be z(4). Let s = 18 + -11. What is the highest common divisor of d and s?
7
Suppose -3*p = 20 - 86. Let z = 1997 - 1711. What is the greatest common factor of z and p?
22
Let k = -80 + 77. Let y(g) = -97*g - 60. Let f be y(k). What is the greatest common factor of 33 and f?
33
Suppose -128*n + 25 = -125*n - m, 0 = 2*n - 3*m - 12. What is the greatest common divisor of n and 4779?
9
Let u be (6*(-3)/12)/((-5)/90). Suppose z + 4*s = -0*z + 1, 5*z - 3*s = 51. What is the greatest common factor of z and u?
9
Let j be (-213450)/9*(69/6 - 13). Calculate the highest common factor of 25 and j.
25
Let u = 14 + -16. Let s be (210/(-10))/7 - 8/u. What is the greatest common factor of 1 and s?
1
Let z be (-4 - 70/(-21))*-18. Let l be z/18*(76 + -4). Calculate the greatest common factor of 96 and l.
48
Let r = 72 + -75. Let l be (1 - r)*(-120)/(-48). Calculate the highest common factor of 110 and l.
10
Let r(f) = 82*f - 127. Let u be r(-7). Let x = u - -935. Calculate the greatest common factor of x and 36.
18
Let c(v) = -20*v + 602. Let d be c(28). Suppose 0 = 12*j - 13*j + 12. What is the greatest common factor of d and j?
6
Let w(i) = 6*i**3 - i + 3. Let k be w(2). Let u = k + -46. Suppose u = -l + 9. Calculate the greatest common divisor of 12 and l.
6
Let v be ((-12)/(-42) + (-219601)/602)*(-28)/6. What is the highest common factor of v and 1296?
81
Let u be (-9)/(-3 + 6/(-8)*-6). Let m be u/(-8)*(-12)/(-3 + 0). Suppose l + 28 - 8 = 2*f, -3*l + 12 = m*f. Calculate the highest common divisor of f and 72.
8
Let c = -269 + 374. Suppose 0 = -v + 16*v - c. What is the highest common divisor of v and 448?
7
Let x(b) = b**3 + 14*b**2 - b - 17. Let l = -70 + 56. Let r be x(l). Let a be r - ((-78)/9 - 2/(-3)). What is the highest common divisor of a and 5?
5
Suppose 0 = -r + 5*b + 15, -3*r + 2*b + 20 = -90. Let t be ((-448)/r)/((-2)/10). Calculate the highest common factor of 40 and t.
8
Let z be ((-314142)/(-14047))/(2/374). Calculate the highest common divisor of z and 714.
102
Let x be (12/10)/((-3)/(-10)). Let d be 172/774 - (-1570)/(-18). Let p be ((-99)/12)/(d/464). Calculate the highest common factor of x and p.
4
Let b(o) = -2*o**3 - 10*o**2 + 14*o + 26. Let h be b(-6). Calculate the highest common divisor of h and 43.
1
Let j be 1/(13/2028)*(-1)/(-2). Calculate the greatest common divisor of j and 21.
3
Let q = 475 + -429. Calculate the highest common factor of q and 736.
46
Let c(p) = p**2 - 4*p + 6. Let b be c(7). Let z = -125 + 199. Let w = -47 + z. What is the highest common divisor of b and w?
27
Suppose 135*a - 52*a = 4183 - 531. What is the greatest common factor of 7249 and a?
11
Let p = 15782 + -15487. Calculate the greatest common divisor of 1239 and p.
59
Let u be 1 - (-2 - (-124)/(-2)). Suppose -6*b = -b + 54*b - 767. Calculate the greatest common divisor of u and b.
13
Let p(c) = -39*c - 1235. Let q be p(-35). What is the greatest common divisor of 30 and q?
10
Let y(f) = 168*f**2 - 117*f - 329. Let j be y(-3). Calculate the highest common factor of j and 52.
26
Let d(h) = h**3 + 117*h**2 - 115*h + 629. Let b be d(-118). What is the highest common divisor of b and 1507?
11
Let m(i) = i**2 - i + 2. Let q be m(2). Let c = 65 - 59. Let d = -2 + c. What is the highest common divisor of q and d?
4
Let j = -4 + 4. Let r be 11 + 1 + j/(-5) + 4. What is the greatest common divisor of 112 and r?
16
Suppose 2*j - 104 = 4*o + 2188, 0 = 4*j - 2*o - 4590. Let a be 8*4*j/32. Calculate the highest common divisor of a and 28.
28
Suppose p - 101 = 5. Suppose -p*a - 98 = -113*a. Calculate the highest common divisor of a and 49.
7
Let j be -12 + 13 + (573 - -1). Let h(c) = -c**2 + 113*c - 911. Let s be h(9). What is the highest common divisor of s and j?
25
Suppose -85 - 1315 = -5*l. What is the highest common divisor of 182 and l?
14
Let f = 63 - 67. Let s be 14/f*144/(-84). Suppose s*b = 36 - 0. Calculate the highest common factor of b and 18.
6
Let b = -489 + 498. Suppose 4*q - 7 = b, -5*z - 2*q + 28 = 0. Calculate the highest common divisor of z and 256.
4
Suppose d = -2*p + 69, 186 = p + 4*p - 2*d. Let i = p - 33. Suppose j + 80 = i*j. What is the highest common factor of j and 10?
10
Let r be -248*-1*(-7 + 8). Let s = -215 + r. Calculate the highest common divisor of 33 and s.
33
Suppose 18*q - 669 = 5253. Suppose o = 11 + q. What is the highest common divisor of 34 and o?
34
Let g be 75/25 + 20 + -1. Let v be (-3 + -1)/(5 - 3)*(-286)/4. What is the highest common factor of g and v?
11
Suppose -4*z = -239*x + 234*x + 172, 0 = -z - 8. Suppose h = 43 + 23. Let d = -45 + h. What is the greatest common factor of d and x?
7
Suppose 15*z = 8494 - 1834. What is the greatest common divisor of 36 and z?
12
Suppose 36 = 4*q - 68. Let r(u) = 4*u + 34. Let v be r(-12). Let c be v + 13 - (-262)/2*1. Calculate the highest common divisor of c and q.
26
Suppose 47*l - 38*l - 23571 = 0. Suppose -1577 = -3*p + o, -2*o = -5*p - 5*o + l. What is the highest common factor of 315 and p?
105
Let k = 2542 + -2110. Suppose -d - 3*y + 39 = -0*d, 0 = 5*d - 3*y - 123. What is the greatest common factor of d and k?
27
Let o be 4 + -1 - (1 + -2)*1. Suppose -o*p + 2*p - 2*y + 26 = 0, 3*y = -5*p + 61. Let n = 131 + -76. Calculate the greatest common divisor of n and p.
11
Suppose -294*z + 273374 = 92553 - 441577. Calculate the greatest common factor of 146 and z.
73
Let p = 16 - -31. Suppose 4*z - 6 - 24 = 6*h, 12 = 3*h + z. What is the highest common divisor of p and h?
1
Let j be (-141)/(-10) + 14 - 2/20. Let r = -113 - -169. What is the greatest common divisor of j and r?
28
Suppose -11003 = -7*h - 4*p, -8*p + 3*p = 5*h - 7855. Calculate the highest common factor of h and 26.
13
Let r = 171 + 9. Suppose 2*k + 3*n = -n + 204, -2*k = -4*n - r. What is the highest common factor of 64 and k?
32
Let u(c) = 35*c - 126. Suppose -5*z = -3*v + 67, -4*v + 40 = -2*z - 26. Let o be u(v). What is the greatest common factor of 39 and o?
13
Let b(o) = o**3 - 12*o**2 + 9*o - 68. Let n = -301 - -313. Let y be b(n). Calculate the greatest common factor of y and 280.
40
Let t(f) = -2*f - 8. Let n be t(-7). Suppose 16*d = 13*d + n. Let r be (-1010)/(-25) - d/5. What is the greatest common divisor of 8 and r?
8
Suppose 200*i - 47241 = 434559. Calculate the greatest common divisor of i and 1533.
219
Let w be -2*10/(-4) - (-133 + 156). Let s(x) = -16*x + 37. Let b be s(w). Calculate the greatest common divisor of b and 13.
13
Let c = 2844 + -2746. Calculate the 